{"id":4000,"date":"2021-04-06T00:09:26","date_gmt":"2021-04-06T00:09:26","guid":{"rendered":"https:\/\/essentials.pixfort.com\/company-elementor\/?page_id=4000"},"modified":"2025-06-07T12:42:34","modified_gmt":"2025-06-07T09:42:34","slug":"s-s-s","status":"publish","type":"page","link":"https:\/\/pamukap.com.tr\/?page_id=4000","title":{"rendered":"S\u0131k\u00e7a Sorulan Sorular"},"content":{"rendered":"\t\t<div data-elementor-type=\"wp-page\" data-elementor-id=\"4000\" class=\"elementor elementor-4000\" data-elementor-post-type=\"page\">\n\t\t\t\t\t\t<section class=\"elementor-section elementor-top-section elementor-element elementor-element-c4cb24e elementor-section-boxed elementor-section-height-default elementor-section-height-default\" data-id=\"c4cb24e\" data-element_type=\"section\" data-settings=\"{&quot;background_background&quot;:&quot;classic&quot;}\">\n\t\t\t\t\t\t<div class=\"elementor-container elementor-column-gap-default\">\n\t\t\t\t\t<div class=\"elementor-column elementor-col-100 elementor-top-column elementor-element elementor-element-e9ac238\" data-id=\"e9ac238\" data-element_type=\"column\">\n\t\t\t<div class=\"elementor-widget-wrap elementor-element-populated\">\n\t\t\t\t\t\t<div class=\"elementor-element elementor-element-b1d7253 elementor-widget elementor-widget-pix-highlighted-text\" data-id=\"b1d7253\" data-element_type=\"widget\" data-widget_type=\"pix-highlighted-text.default\">\n\t\t\t\t<div class=\"elementor-widget-container\">\n\t\t\t\t\t<div id=\"highlighted-text-9132668\" class=\"pix-highlighted-element text-center \"><h2 class=\"pix-highlighted-items \" style=\"\" data-anim-type=\"\" data-anim-delay=\"\"><span id=\"highlighted-text-9132668-0\" class=\" elementor-repeater-item-d38df35\"><span class=\"pix-highlighted-text pix-highlight-item font-weight-normal  heading-font text-heading-default\">S\u0131k\u00e7a <\/span><\/span><span id=\"highlighted-text-9132668-1\" class=\"pix-highlight-bg align-middle2   elementor-repeater-item-b2f5606 highlighted-text-9132668-1 animate-in\" data-anim-type=\"highlight-grow\" data-anim-delay=\"200\"><span class=\"pix-highlighted-text  pix-highlight-item font-weight-normal  font-weight-bold heading-font text-heading-default\">Sorulan <\/span><\/span><span id=\"highlighted-text-9132668-2\" class=\" elementor-repeater-item-3d6442b\"><span class=\"pix-highlighted-text pix-highlight-item font-weight-normal  heading-font text-heading-default\">Sorular<\/span><\/span><\/h2><\/div>\t\t\t\t<\/div>\n\t\t\t\t<\/div>\n\t\t\t\t\t<\/div>\n\t\t<\/div>\n\t\t\t\t\t<\/div>\n\t\t<\/section>\n\t\t\t\t<section class=\"elementor-section elementor-top-section elementor-element elementor-element-61c59fb elementor-section-full_width elementor-section-height-default elementor-section-height-default\" data-id=\"61c59fb\" data-element_type=\"section\">\n\t\t\t\t\t\t<div class=\"elementor-container elementor-column-gap-no\">\n\t\t\t\t\t<div class=\"elementor-column elementor-col-100 elementor-top-column elementor-element elementor-element-8a68e08\" data-id=\"8a68e08\" data-element_type=\"column\">\n\t\t\t<div class=\"elementor-widget-wrap elementor-element-populated\">\n\t\t\t\t\t\t<div class=\"elementor-element elementor-element-cef8e44 elementor-widget elementor-widget-pix-dividers\" data-id=\"cef8e44\" data-element_type=\"widget\" data-widget_type=\"pix-dividers.default\">\n\t\t\t\t<div class=\"elementor-widget-container\">\n\t\t\t\t\t<div class=\"pix-divider  position-relative pix-bottom-divider\" data-style=\"style-8\" ><svg xmlns=\"http:\/\/www.w3.org\/2000\/svg\" width=\"100%\" height=\"300px\" viewBox=\"0 0 1200 366\" preserveAspectRatio=\"none\"><polygon fill=\"url(#divider-pix-accordion-393408-bottom-overlay-layer-3)\" points=\"0 240 1200 0 1200 366 0 366\" \/><polygon fill=\"url(#divider-pix-accordion-393408-bottom-overlay-layer-2)\" points=\"0 300 1200 60 1200 366 0 366\"  \/><polygon fill=\"#ffffff\" points=\"0 360 1200 120 1200 366 0 366\"\/><defs><linearGradient id=\"divider-pix-accordion-393408-bottom-overlay-layer-3\" x1=\"0%\" y1=\"0%\" x2=\"100%\" y2=\"0%\"><stop offset=\"0%\"   stop-color=\"#00000014\"\/><stop offset=\"100%\"   stop-color=\"#FFFFFF03\"\/><\/linearGradient><linearGradient id=\"divider-pix-accordion-393408-bottom-overlay-layer-2\" x1=\"0%\" y1=\"0%\" x2=\"100%\" y2=\"0%\"><stop offset=\"0%\"   stop-color=\"#FFFFFF03\"\/><stop offset=\"100%\"   stop-color=\"#FFFFFF03\"\/><\/linearGradient><\/defs><\/svg><\/div>\t\t\t\t<\/div>\n\t\t\t\t<\/div>\n\t\t\t\t\t<\/div>\n\t\t<\/div>\n\t\t\t\t\t<\/div>\n\t\t<\/section>\n\t\t\t\t<section class=\"elementor-section elementor-top-section elementor-element elementor-element-db357f7 elementor-section-boxed elementor-section-height-default elementor-section-height-default\" data-id=\"db357f7\" data-element_type=\"section\">\n\t\t\t\t\t\t<div class=\"elementor-container elementor-column-gap-default\">\n\t\t\t\t\t<div class=\"elementor-column elementor-col-100 elementor-top-column elementor-element elementor-element-1b9d521\" data-id=\"1b9d521\" data-element_type=\"column\">\n\t\t\t<div class=\"elementor-widget-wrap elementor-element-populated\">\n\t\t\t\t\t\t<div class=\"elementor-element elementor-element-18077d2 elementor-widget elementor-widget-pix-accordion\" data-id=\"18077d2\" data-element_type=\"widget\" data-widget_type=\"pix-accordion.default\">\n\t\t\t\t<div class=\"elementor-widget-container\">\n\t\t\t\t\t<div class=\"accordion w-100 accordion-card bg-white2 rounded-lg2\" id=\"accordion-1147629\"><div class=\"card\">\n               <div class=\"card-header pix-mb-10 shadow-sm rounded-lg bg-custom\" id=\"headingpix-tab-8572231\" style=\"background:#F8F9FA\">\n                   <button class=\"btn btn-link text-left\" type=\"button\" data-toggle=\"collapse\" data-target=\"#collapsepix-tab-8572231\" aria-expanded=\"true\" aria-controls=\"collapsepix-tab-8572231\"><i class=\"pixicon-check-circle-1 text-primary text-20 pix-mr-10\" ><\/i> <span class=\"font-weight-bold secondary-font text-heading-default\" >Pamukap nedir?<\/span><\/button>\n               <\/div>\n\n               <div id=\"collapsepix-tab-8572231\" class=\"collapse show\" aria-labelledby=\"headingpix-tab-8572231\">\n                 <div class=\"card-body\">\n                     <p>Pamukap; pamuk esasl\u0131, do\u011fal malzemeden \u00fcretilen, dekoratif ve fonksiyonel bir duvar ve tavan kaplama malzemesidir. Is\u0131 ve ses yal\u0131t\u0131m\u0131 sa\u011flar, nefes al\u0131r, rutubeti \u00f6nler.<\/p>\n                 <\/div>\n               <\/div>\n             <\/div><div class=\"card\">\n               <div class=\"card-header pix-mb-10 shadow-sm rounded-lg bg-custom\" id=\"headingpix-tab-4832306\" style=\"background:#F8F9FA\">\n                   <button class=\"btn btn-link text-left\" type=\"button\" data-toggle=\"collapse\" data-target=\"#collapsepix-tab-4832306\" aria-expanded=\"true\" aria-controls=\"collapsepix-tab-4832306\"><i class=\"pixicon-check-circle-1 text-primary text-20 pix-mr-10\" ><\/i> <span class=\"font-weight-bold secondary-font text-heading-default\" >Pamukap hangi alanlarda kullan\u0131labilir?<\/span><\/button>\n               <\/div>\n\n               <div id=\"collapsepix-tab-4832306\" class=\"collapse \" aria-labelledby=\"headingpix-tab-4832306\">\n                 <div class=\"card-body\">\n                     <p>Evler, ofisler, oteller, restoranlar, konferans salonlar\u0131, sinema salonlar\u0131 gibi \u0131s\u0131 ve ses yal\u0131t\u0131m\u0131n\u0131n \u00f6nemli oldu\u011fu t\u00fcm i\u00e7 mekanlarda g\u00fcvenle kullan\u0131labilir.<\/p>\n                 <\/div>\n               <\/div>\n             <\/div><div class=\"card\">\n               <div class=\"card-header pix-mb-10 shadow-sm rounded-lg bg-custom\" id=\"headingpix-tab-9559789\" style=\"background:#F8F9FA\">\n                   <button class=\"btn btn-link text-left\" type=\"button\" data-toggle=\"collapse\" data-target=\"#collapsepix-tab-9559789\" aria-expanded=\"true\" aria-controls=\"collapsepix-tab-9559789\"><i class=\"pixicon-check-circle-1 text-primary text-20 pix-mr-10\" ><\/i> <span class=\"font-weight-bold secondary-font text-heading-default\" >Uygulama s\u0131ras\u0131nda e\u015fyalar ta\u015f\u0131nmal\u0131 m\u0131 ?<\/span><\/button>\n               <\/div>\n\n               <div id=\"collapsepix-tab-9559789\" class=\"collapse \" aria-labelledby=\"headingpix-tab-9559789\">\n                 <div class=\"card-body\">\n                     <p>Hay\u0131r. Pamukap uygulamas\u0131 s\u0131ras\u0131nda mekan kirlenmez, e\u015fya ta\u015f\u0131man\u0131za veya ortam\u0131 bo\u015faltman\u0131za gerek kalmaz.<\/p>\n                 <\/div>\n               <\/div>\n             <\/div><div class=\"card\">\n               <div class=\"card-header pix-mb-10 shadow-sm rounded-lg bg-custom\" id=\"headingpix-tab-4089519\" style=\"background:#F8F9FA\">\n                   <button class=\"btn btn-link text-left\" type=\"button\" data-toggle=\"collapse\" data-target=\"#collapsepix-tab-4089519\" aria-expanded=\"true\" aria-controls=\"collapsepix-tab-4089519\"><i class=\"pixicon-check-circle-1 text-primary text-20 pix-mr-10\" ><\/i> <span class=\"font-weight-bold secondary-font text-heading-default\" >Pamukap\u2019\u0131n \u00f6mr\u00fc ne kadard\u0131r ?<\/span><\/button>\n               <\/div>\n\n               <div id=\"collapsepix-tab-4089519\" class=\"collapse \" aria-labelledby=\"headingpix-tab-4089519\">\n                 <div class=\"card-body\">\n                     <p>Do\u011fru uygulama ile y\u0131llarca bak\u0131m gerektirmeden kullan\u0131labilir. Uzun \u00f6m\u00fcrl\u00fcd\u00fcr ve zamanla deformasyon g\u00f6stermez.<\/p>\n                 <\/div>\n               <\/div>\n             <\/div><div class=\"card\">\n               <div class=\"card-header pix-mb-10 shadow-sm rounded-lg bg-custom\" id=\"headingpix-tab-774546\" style=\"background:#F8F9FA\">\n                   <button class=\"btn btn-link text-left\" type=\"button\" data-toggle=\"collapse\" data-target=\"#collapsepix-tab-774546\" aria-expanded=\"true\" aria-controls=\"collapsepix-tab-774546\"><i class=\"pixicon-check-circle-1 text-primary text-20 pix-mr-10\" ><\/i> <span class=\"font-weight-bold secondary-font text-heading-default\" >Malzemenin i\u00e7eri\u011finde kimyasal ya da sentetik madde var m\u0131 ?<\/span><\/button>\n               <\/div>\n\n               <div id=\"collapsepix-tab-774546\" class=\"collapse \" aria-labelledby=\"headingpix-tab-774546\">\n                 <div class=\"card-body\">\n                     <p>Hay\u0131r. Pamukap, tamamen pamuk bazl\u0131 do\u011fal malzemelerden \u00fcretilir ve hi\u00e7bir \u015fekilde sentetik katk\u0131 maddesi i\u00e7ermez.<\/p>\n                 <\/div>\n               <\/div>\n             <\/div><div class=\"card\">\n               <div class=\"card-header pix-mb-10 shadow-sm rounded-lg bg-custom\" id=\"headingpix-tab-3932999\" style=\"background:#F8F9FA\">\n                   <button class=\"btn btn-link text-left\" type=\"button\" data-toggle=\"collapse\" data-target=\"#collapsepix-tab-3932999\" aria-expanded=\"true\" aria-controls=\"collapsepix-tab-3932999\"><i class=\"pixicon-check-circle-1 text-primary text-20 pix-mr-10\" ><\/i> <span class=\"font-weight-bold secondary-font text-heading-default\" >Pamukap rutubetli ortamlarda i\u015fe yarar m\u0131?<\/span><\/button>\n               <\/div>\n\n               <div id=\"collapsepix-tab-3932999\" class=\"collapse \" aria-labelledby=\"headingpix-tab-3932999\">\n                 <div class=\"card-body\">\n                     <p data-start=\"1244\" data-end=\"1382\">Evet. Rutubeti emer, nem birikimini \u00f6nler ve k\u00fcf olu\u015fumuna kar\u015f\u0131 etkili koruma sa\u011flar.<\/p>\n                 <\/div>\n               <\/div>\n             <\/div><\/div>\t\t\t\t<\/div>\n\t\t\t\t<\/div>\n\t\t\t\t\t<\/div>\n\t\t<\/div>\n\t\t\t\t\t<\/div>\n\t\t<\/section>\n\t\t\t\t<section class=\"elementor-section elementor-top-section elementor-element elementor-element-52a91ea0 elementor-section-stretched elementor-section-boxed elementor-section-height-default elementor-section-height-default\" data-id=\"52a91ea0\" data-element_type=\"section\" data-settings=\"{&quot;stretch_section&quot;:&quot;section-stretched&quot;,&quot;background_background&quot;:&quot;classic&quot;}\">\n\t\t\t\t\t\t<div class=\"elementor-container elementor-column-gap-default\">\n\t\t\t\t\t<div class=\"elementor-column elementor-col-100 elementor-top-column elementor-element elementor-element-41917ce\" data-id=\"41917ce\" data-element_type=\"column\">\n\t\t\t<div class=\"elementor-widget-wrap elementor-element-populated\">\n\t\t\t\t\t\t<section class=\"elementor-section elementor-inner-section elementor-element elementor-element-1b80340 elementor-section-boxed elementor-section-height-default elementor-section-height-default\" data-id=\"1b80340\" data-element_type=\"section\">\n\t\t\t\t\t\t<div class=\"elementor-container elementor-column-gap-default\">\n\t\t\t\t\t<div class=\"elementor-column elementor-col-100 elementor-inner-column elementor-element elementor-element-c7942d3\" data-id=\"c7942d3\" data-element_type=\"column\">\n\t\t\t<div class=\"elementor-widget-wrap elementor-element-populated\">\n\t\t\t\t\t\t<div class=\"elementor-element elementor-element-c3e140b elementor-widget elementor-widget-pix-feature\" data-id=\"c3e140b\" data-element_type=\"widget\" data-widget_type=\"pix-feature.default\">\n\t\t\t\t<div class=\"elementor-widget-container\">\n\t\t\t\t\t<div id=\"duo-icon-14277367\" class=\"pix-feature-el text-custom \"><div class=\"d-inline-block \"   style=\"position:relative;text-align:center;\"><i style=\"display:inline-block;font-size:64px;line-height:64px;\" class=\"text-gradient-primary align-middle pixicon-user-male-phone\"><\/i><\/div><h4 class=\"font-weight-bold   text-heading-default \" style=\"padding-top:30px;\"  >\u0130leti\u015fim<\/h4><div class=\"text-body-default text-18     \" style=\"padding-top:10px;\"  ><\/div><\/div>\t\t\t\t<\/div>\n\t\t\t\t<\/div>\n\t\t\t\t<div class=\"elementor-element elementor-element-b6d7d38 elementor-widget elementor-widget-pix-button\" data-id=\"b6d7d38\" data-element_type=\"widget\" data-widget_type=\"pix-button.default\">\n\t\t\t\t<div class=\"elementor-widget-container\">\n\t\t\t\t\t<div class=\"d-block w-100 text-center\"><a  href=\"https:\/\/pamukap.com.tr\/?page_id=4302\" class=\"btn m-0     shadow-sm btn-secondary d-inline-block pix-hover-item       pix-btn-div btn-lg\"     ><i class=\"font-weight-bold pixicon-messages-2  pix-hover-left  mr-1\"><\/i> <span class=\"font-weight-bold \" >\u0130leti\u015fim<\/span><\/a><\/div>\t\t\t\t<\/div>\n\t\t\t\t<\/div>\n\t\t\t\t\t<\/div>\n\t\t<\/div>\n\t\t\t\t\t<\/div>\n\t\t<\/section>\n\t\t\t\t\t<\/div>\n\t\t<\/div>\n\t\t\t\t\t<\/div>\n\t\t<\/section>\n\t\t\t\t<\/div>\n\t\t","protected":false},"excerpt":{"rendered":"<p>S\u0131k\u00e7a Sorulan Sorular Pamukap nedir? Pamukap; pamuk esasl\u0131, do\u011fal malzemeden \u00fcretilen, dekoratif ve fonksiyonel bir duvar ve tavan kaplama malzemesidir. Is\u0131 ve ses yal\u0131t\u0131m\u0131 sa\u011flar, nefes al\u0131r, rutubeti \u00f6nler. Pamukap hangi alanlarda kullan\u0131labilir? Evler, ofisler, oteller, restoranlar, konferans salonlar\u0131, sinema&#8230;<\/p>\n","protected":false},"author":1,"featured_media":0,"parent":0,"menu_order":0,"comment_status":"closed","ping_status":"closed","template":"","meta":{"footnotes":""},"class_list":["post-4000","page","type-page","status-publish","hentry"],"yoast_head":"<!-- This site is optimized with the Yoast SEO plugin v25.0 - https:\/\/yoast.com\/wordpress\/plugins\/seo\/ -->\n<title>S\u0131k\u00e7a Sorulan Sorular - Do\u011fa ile dost<\/title>\n<meta name=\"description\" content=\"\u00dcr\u00fcn \u00f6zellikleri, kullan\u0131m alanlar\u0131 ve di\u011fer merak edilen konular hakk\u0131nda bilgi edinin. Yard\u0131mc\u0131 olabilecek t\u00fcm detaylar i\u00e7in SSS sayfam\u0131z\u0131 ziyaret edin.\" \/>\n<meta name=\"robots\" content=\"index, follow, max-snippet:-1, max-image-preview:large, max-video-preview:-1\" \/>\n<link rel=\"canonical\" href=\"https:\/\/pamukap.com.tr\/?page_id=4000\" \/>\n<meta property=\"og:locale\" content=\"tr_TR\" \/>\n<meta property=\"og:type\" content=\"article\" \/>\n<meta property=\"og:title\" content=\"S\u0131k\u00e7a Sorulan Sorular - Do\u011fa ile dost\" \/>\n<meta property=\"og:description\" content=\"\u00dcr\u00fcn \u00f6zellikleri, kullan\u0131m alanlar\u0131 ve di\u011fer merak edilen konular hakk\u0131nda bilgi edinin. Yard\u0131mc\u0131 olabilecek t\u00fcm detaylar i\u00e7in SSS sayfam\u0131z\u0131 ziyaret edin.\" \/>\n<meta property=\"og:url\" content=\"https:\/\/pamukap.com.tr\/?page_id=4000\" \/>\n<meta property=\"og:site_name\" content=\"Do\u011fa ile dost\" \/>\n<meta property=\"article:modified_time\" content=\"2025-06-07T09:42:34+00:00\" \/>\n<meta name=\"twitter:card\" content=\"summary_large_image\" \/>\n<meta name=\"twitter:label1\" content=\"Tahmini okuma s\u00fcresi\" \/>\n\t<meta name=\"twitter:data1\" content=\"1 dakika\" \/>\n<script type=\"application\/ld+json\" class=\"yoast-schema-graph\">{\"@context\":\"https:\/\/schema.org\",\"@graph\":[{\"@type\":\"WebPage\",\"@id\":\"https:\/\/pamukap.com.tr\/?page_id=4000\",\"url\":\"https:\/\/pamukap.com.tr\/?page_id=4000\",\"name\":\"S\u0131k\u00e7a Sorulan Sorular - Do\u011fa ile dost\",\"isPartOf\":{\"@id\":\"https:\/\/pamukap.com.tr\/#website\"},\"datePublished\":\"2021-04-06T00:09:26+00:00\",\"dateModified\":\"2025-06-07T09:42:34+00:00\",\"description\":\"\u00dcr\u00fcn \u00f6zellikleri, kullan\u0131m alanlar\u0131 ve di\u011fer merak edilen konular hakk\u0131nda bilgi edinin. Yard\u0131mc\u0131 olabilecek t\u00fcm detaylar i\u00e7in SSS sayfam\u0131z\u0131 ziyaret edin.\",\"breadcrumb\":{\"@id\":\"https:\/\/pamukap.com.tr\/?page_id=4000#breadcrumb\"},\"inLanguage\":\"tr\",\"potentialAction\":[{\"@type\":\"ReadAction\",\"target\":[\"https:\/\/pamukap.com.tr\/?page_id=4000\"]}]},{\"@type\":\"BreadcrumbList\",\"@id\":\"https:\/\/pamukap.com.tr\/?page_id=4000#breadcrumb\",\"itemListElement\":[{\"@type\":\"ListItem\",\"position\":1,\"name\":\"Anasayfa\",\"item\":\"https:\/\/pamukap.com.tr\/\"},{\"@type\":\"ListItem\",\"position\":2,\"name\":\"S\u0131k\u00e7a Sorulan Sorular\"}]},{\"@type\":\"WebSite\",\"@id\":\"https:\/\/pamukap.com.tr\/#website\",\"url\":\"https:\/\/pamukap.com.tr\/\",\"name\":\"Do\u011fa ile dost\",\"description\":\"\",\"potentialAction\":[{\"@type\":\"SearchAction\",\"target\":{\"@type\":\"EntryPoint\",\"urlTemplate\":\"https:\/\/pamukap.com.tr\/?s={search_term_string}\"},\"query-input\":{\"@type\":\"PropertyValueSpecification\",\"valueRequired\":true,\"valueName\":\"search_term_string\"}}],\"inLanguage\":\"tr\"}]}<\/script>\n<!-- \/ Yoast SEO plugin. -->","yoast_head_json":{"title":"S\u0131k\u00e7a Sorulan Sorular - Do\u011fa ile dost","description":"\u00dcr\u00fcn \u00f6zellikleri, kullan\u0131m alanlar\u0131 ve di\u011fer merak edilen konular hakk\u0131nda bilgi edinin. Yard\u0131mc\u0131 olabilecek t\u00fcm detaylar i\u00e7in SSS sayfam\u0131z\u0131 ziyaret edin.","robots":{"index":"index","follow":"follow","max-snippet":"max-snippet:-1","max-image-preview":"max-image-preview:large","max-video-preview":"max-video-preview:-1"},"canonical":"https:\/\/pamukap.com.tr\/?page_id=4000","og_locale":"tr_TR","og_type":"article","og_title":"S\u0131k\u00e7a Sorulan Sorular - Do\u011fa ile dost","og_description":"\u00dcr\u00fcn \u00f6zellikleri, kullan\u0131m alanlar\u0131 ve di\u011fer merak edilen konular hakk\u0131nda bilgi edinin. Yard\u0131mc\u0131 olabilecek t\u00fcm detaylar i\u00e7in SSS sayfam\u0131z\u0131 ziyaret edin.","og_url":"https:\/\/pamukap.com.tr\/?page_id=4000","og_site_name":"Do\u011fa ile dost","article_modified_time":"2025-06-07T09:42:34+00:00","twitter_card":"summary_large_image","twitter_misc":{"Tahmini okuma s\u00fcresi":"1 dakika"},"schema":{"@context":"https:\/\/schema.org","@graph":[{"@type":"WebPage","@id":"https:\/\/pamukap.com.tr\/?page_id=4000","url":"https:\/\/pamukap.com.tr\/?page_id=4000","name":"S\u0131k\u00e7a Sorulan Sorular - Do\u011fa ile dost","isPartOf":{"@id":"https:\/\/pamukap.com.tr\/#website"},"datePublished":"2021-04-06T00:09:26+00:00","dateModified":"2025-06-07T09:42:34+00:00","description":"\u00dcr\u00fcn \u00f6zellikleri, kullan\u0131m alanlar\u0131 ve di\u011fer merak edilen konular hakk\u0131nda bilgi edinin. Yard\u0131mc\u0131 olabilecek t\u00fcm detaylar i\u00e7in SSS sayfam\u0131z\u0131 ziyaret edin.","breadcrumb":{"@id":"https:\/\/pamukap.com.tr\/?page_id=4000#breadcrumb"},"inLanguage":"tr","potentialAction":[{"@type":"ReadAction","target":["https:\/\/pamukap.com.tr\/?page_id=4000"]}]},{"@type":"BreadcrumbList","@id":"https:\/\/pamukap.com.tr\/?page_id=4000#breadcrumb","itemListElement":[{"@type":"ListItem","position":1,"name":"Anasayfa","item":"https:\/\/pamukap.com.tr\/"},{"@type":"ListItem","position":2,"name":"S\u0131k\u00e7a Sorulan Sorular"}]},{"@type":"WebSite","@id":"https:\/\/pamukap.com.tr\/#website","url":"https:\/\/pamukap.com.tr\/","name":"Do\u011fa ile dost","description":"","potentialAction":[{"@type":"SearchAction","target":{"@type":"EntryPoint","urlTemplate":"https:\/\/pamukap.com.tr\/?s={search_term_string}"},"query-input":{"@type":"PropertyValueSpecification","valueRequired":true,"valueName":"search_term_string"}}],"inLanguage":"tr"}]}},"_links":{"self":[{"href":"https:\/\/pamukap.com.tr\/index.php?rest_route=\/wp\/v2\/pages\/4000","targetHints":{"allow":["GET"]}}],"collection":[{"href":"https:\/\/pamukap.com.tr\/index.php?rest_route=\/wp\/v2\/pages"}],"about":[{"href":"https:\/\/pamukap.com.tr\/index.php?rest_route=\/wp\/v2\/types\/page"}],"author":[{"embeddable":true,"href":"https:\/\/pamukap.com.tr\/index.php?rest_route=\/wp\/v2\/users\/1"}],"replies":[{"embeddable":true,"href":"https:\/\/pamukap.com.tr\/index.php?rest_route=%2Fwp%2Fv2%2Fcomments&post=4000"}],"version-history":[{"count":7,"href":"https:\/\/pamukap.com.tr\/index.php?rest_route=\/wp\/v2\/pages\/4000\/revisions"}],"predecessor-version":[{"id":4444,"href":"https:\/\/pamukap.com.tr\/index.php?rest_route=\/wp\/v2\/pages\/4000\/revisions\/4444"}],"wp:attachment":[{"href":"https:\/\/pamukap.com.tr\/index.php?rest_route=%2Fwp%2Fv2%2Fmedia&parent=4000"}],"curies":[{"name":"wp","href":"https:\/\/api.w.org\/{rel}","templated":true}]}}